st common factor of w and 16.
16
Suppose 173*u = 166*u - 1960. Let b = 281 + u. Calculate the highest common factor of 19 and b.
1
Suppose 7*h - 284 = 3*h. Let i = h + 190. Suppose 472 = 31*y - 427. What is the highest common factor of y and i?
29
Let t = -3411 + 3419. Calculate the greatest common factor of 200 and t.
8
Let b(l) be the second derivative of -l**5/20 + 5*l**4/6 - l**3/6 - 11*l**2 + 15*l - 4. Let g be b(8). What is the greatest common divisor of g and 42?
14
Let r = 285 + -258. Suppose -r*l + 26*l + 300 = 0. Calculate the greatest common divisor of 75 and l.
75
Let v be 3/(-9)*-87 - -2. Suppose -159 + v = -4*z. Let b = z - 24. What is the highest common divisor of b and 40?
8
Suppose 435*n - 4339153 + 97468 = 0. What is the greatest common divisor of 49 and n?
49
Let i be (312/(-390))/((-1)/40). Suppose a = -4*t + 6*t - 144, -2*t + 144 = 5*a. What is the greatest common divisor of t and i?
8
Let x(l) = 2*l**2 - 10*l - 8. Let s(w) = -w + 1. Let t(y) = -2*s(y) + 2*x(y). Let p be t(6). Calculate the highest common divisor of 96 and p.
6
Let g(q) = 4*q**3 - 7 + 7 + 7*q**2 - 14*q - 3*q**3. Let p be g(-8). What is the highest common divisor of p and 12?
12
Let a = -306 + 314. Let w be 314/a - (-8)/((-160)/(-15)). What is the greatest common factor of w and 50?
10
Let r(h) = h + 10. Let p be r(0). Let i be 2654/14 + 12/28. What is the highest common factor of p and i?
10
Suppose -27*h - 336 = -39*h. Suppose -3*z - a = 14, 3*z - 4*a - a = -38. Let m = 10 + z. Calculate the greatest common factor of m and h.
4
Suppose -346771 = 313*m - 1770295. What is the greatest common divisor of m and 36?
12
Let x(z) = z**2. Let h be x(4). Let v be (126/(-15) - 1) + 52/130 + 53. What is the greatest common factor of h and v?
4
Let p be (-1638)/(-27) + 3*16/(-72). Calculate the greatest common divisor of 24 and p.
12
Let b be ((-1)/((-5)/(-2349)))/(6 + 244/(-40)). What is the greatest common factor of 30 and b?
6
Let q = 1823 - 1687. Let j(u) = 6*u**2 + 27*u - 7. Let p be j(-5). Calculate the greatest common factor of q and p.
8
Let z = 19144 - 18344. Calculate the greatest common divisor of 1250 and z.
50
Suppose -3*v + 0*q + 71 = 5*q, v + q = 25. Suppose 0 = 34*b - v*b - 105. What is the greatest common divisor of b and 15?
15
Let k be 97 - 60 - (12 + -2). Suppose 6*b - 9 = 3*b. Suppose -5*v + 2*v + 327 = 3*s, -4*s + b*v + 429 = 0. What is the greatest common factor of k and s?
27
Let q be 160/6 - (-1)/3. Suppose -6*y + 10*y = -4*f + 20, -3*y + 15 = 0. Suppose 145*d - 150*d + 135 = f. What is the highest common factor of d and q?
27
Let m be (3 - (-6918)/24) + (-7 - 162/(-24)). Calculate the greatest common divisor of m and 4.
1
Let v = 16 + -8. Let p be 8/(-5)*1020/(-272). What is the highest common divisor of v and p?
2
Suppose 534*w - 545*w + 88 = 0. Calculate the greatest common divisor of 548 and w.
4
Suppose -1 = -b, 49*d + 3*b + 469 = 51*d. What is the greatest common divisor of 56 and d?
4
Let r = -2736 - -4595. What is the highest common divisor of 13 and r?
13
Suppose 0 = -15*g + 53 + 37. Suppose -u = h - 1, -3*u = -10*h + g*h - 31. What is the greatest common factor of 405 and u?
5
Let o = 751 + -377. Suppose -14*k + o = -74. Let s(u) = -u**2 + 12*u - 3. Let n be s(7). What is the greatest common divisor of n and k?
32
Suppose j + 5 = 0, 4*l - 4*j - 13447 - 1853 = 0. Calculate the greatest common divisor of l and 120.
20
Suppose h + 17 = -2*v, 3*v = -h - 3*h - 63. Let q be h + 13 + 5*4. Suppose 0 = -r - 8*r + q. Calculate the highest common factor of r and 8.
2
Suppose -7*a + 0*a = 4*a. Suppose o - 4*u - 182 = a, -256 = -3*o - u + 225. What is the highest common factor of o and 6?
6
Suppose -4*t - 24 = -3*p, 9*p - 39 = 7*p - 5*t. Let x be 24/(-9)*(-135)/p. Calculate the highest common factor of 375 and x.
15
Let s = -2578 - -3152. Calculate the highest common divisor of 14 and s.
14
Let s be (-2)/(-2) + 151 + 1. Suppose -l + 2*g + 362 = 351, 43 = 5*l + 2*g. What is the highest common factor of l and s?
9
Suppose 3*i + 4*x = 1302, -4*x - 1804 = -4*i - 68. Calculate the highest common factor of i and 93.
31
Suppose -83*x + 51 = -80*x + p, -6 = -2*p. Let t(j) = j**2 + 2. Let l be t(-4). Suppose 0 = -5*b + 2 + l. Calculate the highest common divisor of b and x.
4
Let v = 17 - -58. Suppose v = 5*y - 2*y + 4*o, 3*y - 51 = 4*o. What is the highest common factor of 7 and y?
7
Suppose -3*x + 4291 + 11243 = 6*w, -5*x + 4*w = -25932. Calculate the greatest common factor of 1440 and x.
288
Suppose 0 = -2*z + 3*z. Suppose 75 = -z*n + n. Let w be (-2)/((-4)/90*3). What is the highest common factor of w and n?
15
Let w = -155 - -259. Suppose 4*d - 76 - w = 0. Let y(j) = -124*j + 8450. Let l be y(68). Calculate the highest common factor of l and d.
9
Let w(j) = -j**3 - 9*j**2 - 14*j + 50. Let l be w(-8). Calculate the greatest common factor of 6566 and l.
98
Let q = -1442 + 5850. What is the highest common factor of 38 and q?
38
Let u(w) = -w + 259. Let c be u(1). What is the highest common divisor of c and 6450?
258
Suppose -19*a - 6*a + 23328 = -9*a. What is the highest common factor of 108 and a?
54
Let u = 6 + -8. Let h be (1 - (u - -4)) + 33. Suppose 330*a + 218*a = -294*a + 3368. What is the highest common divisor of a and h?
4
Let n(w) = 5*w - 3. Let s be (8*1)/(2/8*4). Suppose -5*j + 23 = s. Let u be n(j). Calculate the greatest common divisor of 3 and u.
3
Let m be ((-22)/4)/((-12)/(-1944)). Let v = m - -1282. What is the greatest common divisor of 23 and v?
23
Suppose 0 = v - 3*v + 44. Let p be ((-2)/(-7))/(3/21). Suppose 9*k = p*k + 1386. Calculate the greatest common divisor of v and k.
22
Suppose 0 = 7*r - 508 + 67. Suppose c + 5*w = 27, -6*c + 2*c - 5*w = -r. Calculate the highest common factor of c and 60.
12
Let t(l) = 38*l - 115. Let y be t(12). Suppose -5*o + y = 4*s - 5*s, 0 = 3*o - s - 205. Calculate the highest common divisor of o and 306.
34
Suppose 3*y + 153 = 4*n + 156, -4*n = -5*y + 29. Suppose u - 468 = -u. Calculate the highest common divisor of u and y.
13
Let v(s) = -s**2 - 6*s + 10. Let c be v(-7). Suppose -x = c*k - 267, -4*x - 79 = -k - x. What is the highest common factor of 16 and k?
8
Suppose -2*f + 79 = -n, -f + 3*n + 22 = -25. What is the highest common factor of f and 4142?
38
Let w(y) = 43*y**3 - y**2 + y - 1. Let x be w(1). Let i be (14/4)/((-1043)/(-3576)). What is the greatest common divisor of x and i?
6
Suppose -20 = -20*o + 18*o. Let x be (-6)/45 - (-1078)/210. Suppose 0 = 4*u + q - 77, -x*q + 0 = u - 5. Calculate the highest common divisor of o and u.
10
Let a be (2/(-3))/(2/3) + 5. Let m be 152*(1 + a/(-8)*1). Let q be 40/(-30) + m/3. What is the greatest common divisor of 12 and q?
12
Let a be (17 - -609)*(-2)/4. Let u be a/(-5) + 20/50. Suppose -17*w + 20*w = u. Calculate the highest common factor of 147 and w.
21
Let i = -123 - 994. Let s = 1627 + i. Calculate the highest common divisor of 30 and s.
30
Suppose 4*o = 2*d + 8, -5*o - 3*d + 2 = -4*o. Let l be 42 - (o/(-1) + 2). Suppose -5 = c - l. Calculate the greatest common factor of 407 and c.
37
Let r = 326 + -551. Let f = -124 - r. Let s = 153 - f. Calculate the greatest common factor of 208 and s.
52
Suppose -z + 3*z = 3*x - 55, 3*z = 3. Let a be (-3)/(-2)*8/3. Suppose -4*b = 2*w - 164, -94 = -4*w - a*b + 222. Calculate the highest common divisor of w and x.
19
Let y(b) be the third derivative of 47*b**5/30 - 11*b**4/12 + 11*b**3/3 + 16*b**2. Let t be y(1). Calculate the highest common factor of 235 and t.
47
Suppose -21*j + 33*j - 528 = 0. Let p = 66 + -37. Let t = 51 - p. What is the highest common divisor of j and t?
22
Suppose 21 = -5*y - 104. Let r = 107 + y. Let w = -237055 + 237260. Calculate the greatest common divisor of w and r.
41
Suppose -52*s + 56*s - 292 = 0. Suppose 0 = -2*m - p + 93, s + 30 = 2*m + 3*p. What is the greatest common divisor of m and 33?
11
Let k(a) = -1148*a + 4622. Let j be k(4). Calculate the highest common factor of j and 18015.
15
Suppose 12*h - 759 = 1221. Calculate the greatest common factor of 2035 and h.
55
Let n = 5095 - 5032. What is the greatest common divisor of 159 and n?
3
Suppose 0 = 3*g - 2*x - 5116, 4*g + 70*x - 6806 = 65*x. Calculate the highest common divisor of 72 and g.
24
Let t = 18425 + -17524